{"id":8924,"date":"2026-02-23T14:21:48","date_gmt":"2026-02-23T13:21:48","guid":{"rendered":"https:\/\/locationdesducs.fr\/?post_type=product&#038;p=8924"},"modified":"2026-02-23T14:30:35","modified_gmt":"2026-02-23T13:30:35","slug":"rmx-1000-console-dj-professionnelle-et-modulable","status":"publish","type":"product","link":"https:\/\/locationdesducs.fr\/?product=rmx-1000-console-dj-professionnelle-et-modulable","title":{"rendered":"RMX 1000 \u2013 Console DJ et stand"},"content":{"rendered":"<p data-start=\"201\" data-end=\"557\">Location des Ducs vous propose \u00e0 la location le <strong>RMX 1000 avec stand, <\/strong>outil incontournable pour cr\u00e9er une animation musicale dynamique et immersive lors de vos \u00e9v\u00e9nements. Cette <strong>console DJ<\/strong> offre un contr\u00f4le complet sur les effets sonores, les transitions et le mix, permettant de transformer n\u2019importe quelle soir\u00e9e en exp\u00e9rience sonore m\u00e9morable. Elle combine cr\u00e9ativit\u00e9 et performance pour des moments de f\u00eate uniques, que ce soit pour surprendre vos invit\u00e9s ou rythmer vos animations.<\/p>\n<p data-start=\"568\" data-end=\"933\">Gr\u00e2ce \u00e0 son interface intuitive et ses multiples fonctionnalit\u00e9s, <strong>le RMX 1000<\/strong> attire imm\u00e9diatement l\u2019attention et devient un v\u00e9ritable p\u00f4le d\u2019animation musicale. Facile \u00e0 configurer et \u00e0 int\u00e9grer \u00e0 votre \u00e9quipement existant, elle convient aux DJs professionnels comme aux amateurs passionn\u00e9s et s\u2019adapte \u00e0 tous types d\u2019\u00e9v\u00e9nements, en int\u00e9rieur comme en ext\u00e9rieur.<\/p>\n<p data-start=\"935\" data-end=\"1172\">Caract\u00e9ristiques :<br data-start=\"953\" data-end=\"956\" \/><strong>Console DJ professionnelle<\/strong> modulable<br data-start=\"992\" data-end=\"995\" \/>Contr\u00f4le avanc\u00e9 des effets et transitions<br data-start=\"1036\" data-end=\"1039\" \/>Interface intuitive et r\u00e9glages personnalisables<br data-start=\"1087\" data-end=\"1090\" \/>Installation rapide et int\u00e9gration facile<br data-start=\"1131\" data-end=\"1134\" \/>Utilisation int\u00e9rieure et ext\u00e9rieure<\/p>\n<p data-start=\"1174\" data-end=\"1319\">Id\u00e9al pour :<br data-start=\"1186\" data-end=\"1189\" \/>animation d\u2019entreprise, soir\u00e9e priv\u00e9e, mariage, anniversaire, afterwork, \u00e9v\u00e9nement grand public, bar \u00e9ph\u00e9m\u00e8re, festival ou club.<\/p>\n","protected":false},"excerpt":{"rendered":"<p>Location des Ducs vous propose \u00e0 la location le RMX 1000 avec stand, outil incontournable pour cr\u00e9er une animation musicale &hellip; <a href=\"https:\/\/locationdesducs.fr\/?product=rmx-1000-console-dj-professionnelle-et-modulable\" class=\"more-link\"><span class=\"more-button\">Voir plus &#8230;<span class=\"screen-reader-text\">RMX 1000 \u2013 Console DJ et stand<\/span><\/span><\/a><\/p>\n","protected":false},"featured_media":8928,"template":"","meta":[],"product_brand":[],"product_cat":[68,69],"product_tag":[82,75,79],"class_list":{"0":"post-8924","1":"product","2":"type-product","3":"status-publish","4":"has-post-thumbnail","6":"product_cat-materiel-audiovisuel","7":"product_cat-son","8":"product_tag-dj","9":"product_tag-location","10":"product_tag-mariage","12":"first","13":"instock","14":"taxable","15":"shipping-taxable","16":"purchasable","17":"product-type-simple"},"jetpack_sharing_enabled":true,"_links":{"self":[{"href":"https:\/\/locationdesducs.fr\/index.php?rest_route=\/wp\/v2\/product\/8924","targetHints":{"allow":["GET"]}}],"collection":[{"href":"https:\/\/locationdesducs.fr\/index.php?rest_route=\/wp\/v2\/product"}],"about":[{"href":"https:\/\/locationdesducs.fr\/index.php?rest_route=\/wp\/v2\/types\/product"}],"wp:featuredmedia":[{"embeddable":true,"href":"https:\/\/locationdesducs.fr\/index.php?rest_route=\/wp\/v2\/media\/8928"}],"wp:attachment":[{"href":"https:\/\/locationdesducs.fr\/index.php?rest_route=%2Fwp%2Fv2%2Fmedia&parent=8924"}],"wp:term":[{"taxonomy":"product_brand","embeddable":true,"href":"https:\/\/locationdesducs.fr\/index.php?rest_route=%2Fwp%2Fv2%2Fproduct_brand&post=8924"},{"taxonomy":"product_cat","embeddable":true,"href":"https:\/\/locationdesducs.fr\/index.php?rest_route=%2Fwp%2Fv2%2Fproduct_cat&post=8924"},{"taxonomy":"product_tag","embeddable":true,"href":"https:\/\/locationdesducs.fr\/index.php?rest_route=%2Fwp%2Fv2%2Fproduct_tag&post=8924"}],"curies":[{"name":"wp","href":"https:\/\/api.w.org\/{rel}","templated":true}]}}