{"id":8916,"date":"2026-02-20T16:30:40","date_gmt":"2026-02-20T15:30:40","guid":{"rendered":"https:\/\/locationdesducs.fr\/?post_type=product&#038;p=8916"},"modified":"2026-02-20T16:38:40","modified_gmt":"2026-02-20T15:38:40","slug":"chauffage-electrique-silencieux-proheat-18","status":"publish","type":"product","link":"https:\/\/locationdesducs.fr\/?product=chauffage-electrique-silencieux-proheat-18","title":{"rendered":"Chauffage \u00e9lectrique silencieux ProHeat 18"},"content":{"rendered":"<p data-start=\"231\" data-end=\"639\">Le <strong data-start=\"234\" data-end=\"262\">ProHeat 18 de THERMOBILE<\/strong> est un chauffage \u00e9lectrique professionnel con\u00e7u pour assurer un apport de chaleur efficace, homog\u00e8ne et discret dans les environnements \u00e9v\u00e9nementiels, techniques ou professionnels. Gr\u00e2ce \u00e0 son <strong data-start=\"456\" data-end=\"482\">ventilateur centrifuge<\/strong>, il offre une diffusion d\u2019air chaud puissante tout en restant particuli\u00e8rement <strong data-start=\"562\" data-end=\"576\">silencieux<\/strong>, un atout essentiel pour les \u00e9v\u00e9nements accueillant du public.<\/p>\n<p data-start=\"641\" data-end=\"980\">Id\u00e9al pour le chauffage ponctuel de salles, chapiteaux, zones d\u2019accueil, espaces de travail ou de r\u00e9ception, le ProHeat 18 permet de maintenir un confort thermique optimal sans nuisance sonore. Son fonctionnement \u00e9lectrique garantit une utilisation <strong data-start=\"890\" data-end=\"938\">sans odeur, sans combustion et sans \u00e9mission<\/strong>, parfaitement adapt\u00e9e aux espaces ferm\u00e9s<\/p>\n<p data-start=\"1290\" data-end=\"1483\">Fiable, performant et s\u00e9curis\u00e9, le ProHeat 18 est une solution id\u00e9ale pour compl\u00e9ter ou renforcer le chauffage lors d\u2019\u00e9v\u00e9nements professionnels, salons, s\u00e9minaires ou installations temporaires.<\/p>\n<p data-start=\"1485\" data-end=\"1519\"><strong data-start=\"1485\" data-end=\"1519\">Caract\u00e9ristiques principales :<\/strong><\/p>\n<ul data-start=\"1520\" data-end=\"1865\">\n<li data-start=\"1520\" data-end=\"1558\">\n<p data-start=\"1522\" data-end=\"1558\">Chauffage \u00e9lectrique professionnel<\/p>\n<\/li>\n<li data-start=\"1559\" data-end=\"1600\">\n<p data-start=\"1561\" data-end=\"1600\">Ventilateur <strong data-start=\"1573\" data-end=\"1598\">centrifuge silencieux<\/strong><\/p>\n<\/li>\n<li data-start=\"1601\" data-end=\"1649\">\n<p data-start=\"1603\" data-end=\"1649\">Diffusion homog\u00e8ne et efficace de la chaleur<\/p>\n<\/li>\n<li data-start=\"1650\" data-end=\"1700\">\n<p data-start=\"1652\" data-end=\"1700\">Utilisation int\u00e9rieure, sans odeur ni \u00e9mission<\/p>\n<\/li>\n<li data-start=\"1701\" data-end=\"1733\">\n<p data-start=\"1703\" data-end=\"1733\">Structure robuste et durable<\/p>\n<\/li>\n<li data-start=\"1734\" data-end=\"1788\">\n<p data-start=\"1736\" data-end=\"1788\">Mobilit\u00e9 facilit\u00e9e gr\u00e2ce aux roues et \u00e0 la poign\u00e9e<\/p>\n<\/li>\n<li data-start=\"1789\" data-end=\"1865\">\n<p data-start=\"1791\" data-end=\"1865\">Parfait pour \u00e9v\u00e9nements, chapiteaux, salles et installations temporaires<\/p>\n<\/li>\n<\/ul>\n","protected":false},"excerpt":{"rendered":"<p>Le ProHeat 18 de THERMOBILE est un chauffage \u00e9lectrique professionnel con\u00e7u pour assurer un apport de chaleur efficace, homog\u00e8ne et &hellip; <a href=\"https:\/\/locationdesducs.fr\/?product=chauffage-electrique-silencieux-proheat-18\" class=\"more-link\"><span class=\"more-button\">Voir plus &#8230;<span class=\"screen-reader-text\">Chauffage \u00e9lectrique silencieux ProHeat 18<\/span><\/span><\/a><\/p>\n","protected":false},"featured_media":8918,"template":"","meta":[],"product_brand":[],"product_cat":[67],"product_tag":[75],"class_list":{"0":"post-8916","1":"product","2":"type-product","3":"status-publish","4":"has-post-thumbnail","6":"product_cat-electromenager","7":"product_tag-location","9":"first","10":"instock","11":"taxable","12":"shipping-taxable","13":"purchasable","14":"product-type-simple"},"jetpack_sharing_enabled":true,"_links":{"self":[{"href":"https:\/\/locationdesducs.fr\/index.php?rest_route=\/wp\/v2\/product\/8916","targetHints":{"allow":["GET"]}}],"collection":[{"href":"https:\/\/locationdesducs.fr\/index.php?rest_route=\/wp\/v2\/product"}],"about":[{"href":"https:\/\/locationdesducs.fr\/index.php?rest_route=\/wp\/v2\/types\/product"}],"wp:featuredmedia":[{"embeddable":true,"href":"https:\/\/locationdesducs.fr\/index.php?rest_route=\/wp\/v2\/media\/8918"}],"wp:attachment":[{"href":"https:\/\/locationdesducs.fr\/index.php?rest_route=%2Fwp%2Fv2%2Fmedia&parent=8916"}],"wp:term":[{"taxonomy":"product_brand","embeddable":true,"href":"https:\/\/locationdesducs.fr\/index.php?rest_route=%2Fwp%2Fv2%2Fproduct_brand&post=8916"},{"taxonomy":"product_cat","embeddable":true,"href":"https:\/\/locationdesducs.fr\/index.php?rest_route=%2Fwp%2Fv2%2Fproduct_cat&post=8916"},{"taxonomy":"product_tag","embeddable":true,"href":"https:\/\/locationdesducs.fr\/index.php?rest_route=%2Fwp%2Fv2%2Fproduct_tag&post=8916"}],"curies":[{"name":"wp","href":"https:\/\/api.w.org\/{rel}","templated":true}]}}