{"id":8780,"date":"2026-01-06T12:32:02","date_gmt":"2026-01-06T11:32:02","guid":{"rendered":"https:\/\/locationdesducs.fr\/?post_type=product&#038;p=8780"},"modified":"2026-03-11T09:35:23","modified_gmt":"2026-03-11T08:35:23","slug":"chaise-fauteuil-design-en-bois-et-tissu","status":"publish","type":"product","link":"https:\/\/locationdesducs.fr\/?product=chaise-fauteuil-design-en-bois-et-tissu","title":{"rendered":"Chaise fauteuil design en bois et tissu"},"content":{"rendered":"<p><strong>Location des Ducs<\/strong> vous propose \u00e0 la location des <strong>Chaise fauteuil design en bois et tissu<\/strong>,<\/p>\n<p data-start=\"232\" data-end=\"518\">Cette <strong data-start=\"238\" data-end=\"274\">chaise fauteuil en bois et tissu<\/strong> s\u00e9duit par son design contemporain aux lignes douces et enveloppantes. Son dossier l\u00e9g\u00e8rement incurv\u00e9 et ses accoudoirs int\u00e9gr\u00e9s offrent un excellent confort, tout en apportant une touche \u00e9l\u00e9gante et originale \u00e0 vos am\u00e9nagements \u00e9v\u00e9nementiels.<\/p>\n<p data-start=\"520\" data-end=\"864\">L\u2019association du <strong data-start=\"537\" data-end=\"553\">bois naturel<\/strong>, du <strong data-start=\"558\" data-end=\"575\">tissu textur\u00e9<\/strong> et du pi\u00e8tement m\u00e9tallique fin cr\u00e9e un \u00e9quilibre parfait entre modernit\u00e9 et chaleur. Id\u00e9ale pour am\u00e9nager des espaces lounge, des tables invit\u00e9s, des zones de r\u00e9ception ou des \u00e9v\u00e9nements professionnels, cette chaise fauteuil s\u2019int\u00e8gre facilement dans des ambiances chic, boh\u00e8me ou design.<\/p>\n<p data-start=\"866\" data-end=\"890\"><strong data-start=\"866\" data-end=\"888\">Caract\u00e9ristiques :<\/strong><\/p>\n<ul data-start=\"891\" data-end=\"1100\">\n<li data-start=\"891\" data-end=\"935\">\n<p data-start=\"893\" data-end=\"935\">Chaise fauteuil avec accoudoirs int\u00e9gr\u00e9s<\/p>\n<\/li>\n<li data-start=\"936\" data-end=\"976\">\n<p data-start=\"938\" data-end=\"976\">Structure en bois et pi\u00e8tement m\u00e9tal<\/p>\n<\/li>\n<li data-start=\"977\" data-end=\"1019\">\n<p data-start=\"979\" data-end=\"1019\">Assise et dossier en tissu confortable<\/p>\n<\/li>\n<li data-start=\"1020\" data-end=\"1054\">\n<p data-start=\"1022\" data-end=\"1054\">Design contemporain et \u00e9l\u00e9gant<\/p>\n<\/li>\n<li data-start=\"1055\" data-end=\"1100\">\n<p data-start=\"1057\" data-end=\"1100\">Mobilier adapt\u00e9 aux \u00e9v\u00e9nements int\u00e9rieurs<\/p>\n<\/li>\n<\/ul>\n<p data-start=\"1102\" data-end=\"1232\"><strong data-start=\"1102\" data-end=\"1119\">Id\u00e9ale pour :<\/strong><br data-start=\"1119\" data-end=\"1122\" \/>r\u00e9ception d\u2019entreprise, mariage, d\u00eener assis, s\u00e9minaire, espace lounge, cocktail, sc\u00e9nographie \u00e9v\u00e9nementielle.<\/p>\n","protected":false},"excerpt":{"rendered":"<p>Location des Ducs vous propose \u00e0 la location des Chaise fauteuil design en bois et tissu, Cette chaise fauteuil en &hellip; <a href=\"https:\/\/locationdesducs.fr\/?product=chaise-fauteuil-design-en-bois-et-tissu\" class=\"more-link\"><span class=\"more-button\">Voir plus &#8230;<span class=\"screen-reader-text\">Chaise fauteuil design en bois et tissu<\/span><\/span><\/a><\/p>\n","protected":false},"featured_media":8962,"template":"","meta":[],"product_brand":[],"product_cat":[52,55],"product_tag":[80,81,75,77,76,78],"class_list":{"0":"post-8780","1":"product","2":"type-product","3":"status-publish","4":"has-post-thumbnail","6":"product_cat-assises","7":"product_cat-chaises","8":"product_tag-anniversaire","9":"product_tag-cocktail","10":"product_tag-location","11":"product_tag-reunion","12":"product_tag-salon-exposition","13":"product_tag-seminaire","15":"first","16":"instock","17":"taxable","18":"shipping-taxable","19":"purchasable","20":"product-type-simple"},"jetpack_sharing_enabled":true,"_links":{"self":[{"href":"https:\/\/locationdesducs.fr\/index.php?rest_route=\/wp\/v2\/product\/8780","targetHints":{"allow":["GET"]}}],"collection":[{"href":"https:\/\/locationdesducs.fr\/index.php?rest_route=\/wp\/v2\/product"}],"about":[{"href":"https:\/\/locationdesducs.fr\/index.php?rest_route=\/wp\/v2\/types\/product"}],"wp:featuredmedia":[{"embeddable":true,"href":"https:\/\/locationdesducs.fr\/index.php?rest_route=\/wp\/v2\/media\/8962"}],"wp:attachment":[{"href":"https:\/\/locationdesducs.fr\/index.php?rest_route=%2Fwp%2Fv2%2Fmedia&parent=8780"}],"wp:term":[{"taxonomy":"product_brand","embeddable":true,"href":"https:\/\/locationdesducs.fr\/index.php?rest_route=%2Fwp%2Fv2%2Fproduct_brand&post=8780"},{"taxonomy":"product_cat","embeddable":true,"href":"https:\/\/locationdesducs.fr\/index.php?rest_route=%2Fwp%2Fv2%2Fproduct_cat&post=8780"},{"taxonomy":"product_tag","embeddable":true,"href":"https:\/\/locationdesducs.fr\/index.php?rest_route=%2Fwp%2Fv2%2Fproduct_tag&post=8780"}],"curies":[{"name":"wp","href":"https:\/\/api.w.org\/{rel}","templated":true}]}}