{"id":8616,"date":"2025-10-23T14:58:06","date_gmt":"2025-10-23T12:58:06","guid":{"rendered":"https:\/\/locationdesducs.fr\/?post_type=product&#038;p=8616"},"modified":"2026-02-19T14:07:35","modified_gmt":"2026-02-19T13:07:35","slug":"chiffres-lumineux-geant","status":"publish","type":"product","link":"https:\/\/locationdesducs.fr\/?product=chiffres-lumineux-geant","title":{"rendered":"Chiffres lumineux g\u00e9ant"},"content":{"rendered":"<p>Chiffres lumineux g\u00e9ant<\/p>\n<p>Apportez une touche d\u2019\u00e9clat \u00e0 votre \u00e9v\u00e9nement avec nos chiffres lumineux !<br \/>\nId\u00e9als pour un anniversaire, un mariage, un bapt\u00eame ou tout autre \u00e9v\u00e9nement festif, ils deviennent instantan\u00e9ment l\u2019\u00e9l\u00e9ment phare de votre d\u00e9coration.<\/p>\n<p>Fabriqu\u00e9s dans une structure blanche \u00e9l\u00e9gante, nos chiffres s\u2019illuminent gr\u00e2ce \u00e0 un \u00e9clairage LED doux et chaleureux, parfait pour cr\u00e9er une ambiance chic et conviviale.<\/p>\n<p>Disponibles de 0 \u00e0 9, ils peuvent \u00eatre combin\u00e9s pour afficher un \u00e2ge, une ann\u00e9e ou une date symbolique.<br \/>\nHauteur : environ 1 m\u00e8tre<br \/>\nAlimentation : secteur (prise standard)<br \/>\nUtilisation : int\u00e9rieure ou ext\u00e9rieure abrit\u00e9e<\/p>\n<p>En location \u00e0 l\u2019unit\u00e9 ou en duo selon vos besoins.<\/p>\n","protected":false},"excerpt":{"rendered":"<p>Chiffres lumineux g\u00e9ant Apportez une touche d\u2019\u00e9clat \u00e0 votre \u00e9v\u00e9nement avec nos chiffres lumineux ! Id\u00e9als pour un anniversaire, un &hellip; <a href=\"https:\/\/locationdesducs.fr\/?product=chiffres-lumineux-geant\" class=\"more-link\"><span class=\"more-button\">Voir plus &#8230;<span class=\"screen-reader-text\">Chiffres lumineux g\u00e9ant<\/span><\/span><\/a><\/p>\n","protected":false},"featured_media":8615,"template":"","meta":[],"product_brand":[],"product_cat":[61,71,88],"product_tag":[80,75],"class_list":{"0":"post-8616","1":"product","2":"type-product","3":"status-publish","4":"has-post-thumbnail","6":"product_cat-decoration-accessoires","7":"product_cat-lumiere","8":"product_cat-pack-anniversaire","9":"product_tag-anniversaire","10":"product_tag-location","12":"first","13":"instock","14":"taxable","15":"shipping-taxable","16":"purchasable","17":"product-type-simple"},"jetpack_sharing_enabled":true,"_links":{"self":[{"href":"https:\/\/locationdesducs.fr\/index.php?rest_route=\/wp\/v2\/product\/8616","targetHints":{"allow":["GET"]}}],"collection":[{"href":"https:\/\/locationdesducs.fr\/index.php?rest_route=\/wp\/v2\/product"}],"about":[{"href":"https:\/\/locationdesducs.fr\/index.php?rest_route=\/wp\/v2\/types\/product"}],"wp:featuredmedia":[{"embeddable":true,"href":"https:\/\/locationdesducs.fr\/index.php?rest_route=\/wp\/v2\/media\/8615"}],"wp:attachment":[{"href":"https:\/\/locationdesducs.fr\/index.php?rest_route=%2Fwp%2Fv2%2Fmedia&parent=8616"}],"wp:term":[{"taxonomy":"product_brand","embeddable":true,"href":"https:\/\/locationdesducs.fr\/index.php?rest_route=%2Fwp%2Fv2%2Fproduct_brand&post=8616"},{"taxonomy":"product_cat","embeddable":true,"href":"https:\/\/locationdesducs.fr\/index.php?rest_route=%2Fwp%2Fv2%2Fproduct_cat&post=8616"},{"taxonomy":"product_tag","embeddable":true,"href":"https:\/\/locationdesducs.fr\/index.php?rest_route=%2Fwp%2Fv2%2Fproduct_tag&post=8616"}],"curies":[{"name":"wp","href":"https:\/\/api.w.org\/{rel}","templated":true}]}}

Chiffres lumineux géant

<p>Chiffres lumineux géant</p>
<p>Apportez une touche d’éclat à votre événement avec nos chiffres lumineux !<br />
Idéals pour un anniversaire, un mariage, un baptême ou tout autre événement festif, ils deviennent instantanément l’élément phare de votre décoration.</p>
<p>Fabriqués dans une structure blanche élégante, nos chiffres s’illuminent grâce à un éclairage LED doux et chaleureux, parfait pour créer une ambiance chic et conviviale.</p>
<p>Disponibles de 0 à 9, ils peuvent être combinés pour afficher un âge, une année ou une date symbolique.<br />
Hauteur : environ 1 mètre<br />
Alimentation : secteur (prise standard)<br />
Utilisation : intérieure ou extérieure abritée</p>
<p>En location à l’unité ou en duo selon vos besoins.</p>

<p>Chiffres lumineux géant Apportez une touche d’éclat à votre événement avec nos chiffres lumineux ! Idéals pour un anniversaire, un &hellip; <a href="https://locationdesducs.fr/?product=chiffres-lumineux-geant" class="more-link"><span class="more-button">Voir plus &#8230;<span class="screen-reader-text">Chiffres lumineux géant</span></span></a></p>
