{"id":7738,"date":"2024-07-25T07:33:23","date_gmt":"2024-07-25T05:33:23","guid":{"rendered":"https:\/\/locationdesducs.fr\/?post_type=product&#038;p=7738"},"modified":"2026-02-19T14:05:48","modified_gmt":"2026-02-19T13:05:48","slug":"pupitre-transparent","status":"publish","type":"product","link":"https:\/\/locationdesducs.fr\/?product=pupitre-transparent","title":{"rendered":"Pupitre transparent"},"content":{"rendered":"<p><strong>Location des Ducs<\/strong> vous propose \u00e0 la location un <strong>pupitre transparent<\/strong>, id\u00e9al pour vos <strong>conf\u00e9rences<\/strong>, <strong>pr\u00e9sentations<\/strong> et <strong>discours<\/strong>.<\/p>\n<p>Ce <strong>pupitre \u00e9l\u00e9gant<\/strong> en <strong>acrylique transparent<\/strong> offre une <strong>visibilit\u00e9 optimale<\/strong> et s&rsquo;int\u00e8gre parfaitement \u00e0 tout type d&rsquo;\u00e9v\u00e9nement. Son <strong>design moderne<\/strong> et <strong>raffin\u00e9<\/strong> apporte une touche de <strong>sophistication<\/strong> \u00e0 votre espace de pr\u00e9sentation. Robuste et stable, ce pupitre est con\u00e7u pour assurer un <strong>confort<\/strong> et une <strong>ergonomie<\/strong> maximaux pour l&rsquo;orateur. <strong>Louez<\/strong> d\u00e8s maintenant<\/p>\n","protected":false},"excerpt":{"rendered":"<p>Location des Ducs vous propose \u00e0 la location un pupitre transparent, id\u00e9al pour vos conf\u00e9rences, pr\u00e9sentations et discours. Ce pupitre &hellip; <a href=\"https:\/\/locationdesducs.fr\/?product=pupitre-transparent\" class=\"more-link\"><span class=\"more-button\">Voir plus &#8230;<span class=\"screen-reader-text\">Pupitre transparent<\/span><\/span><\/a><\/p>\n","protected":false},"featured_media":7740,"template":"","meta":[],"product_brand":[],"product_cat":[61,65,53,86],"product_tag":[75,77,76,78],"class_list":{"0":"post-7738","1":"product","2":"type-product","3":"status-publish","4":"has-post-thumbnail","6":"product_cat-decoration-accessoires","7":"product_cat-materiel-professionnel","8":"product_cat-mobilier","9":"product_cat-pack-evenements-professionnels","10":"product_tag-location","11":"product_tag-reunion","12":"product_tag-salon-exposition","13":"product_tag-seminaire","15":"first","16":"instock","17":"taxable","18":"shipping-taxable","19":"purchasable","20":"product-type-simple"},"jetpack_sharing_enabled":true,"_links":{"self":[{"href":"https:\/\/locationdesducs.fr\/index.php?rest_route=\/wp\/v2\/product\/7738","targetHints":{"allow":["GET"]}}],"collection":[{"href":"https:\/\/locationdesducs.fr\/index.php?rest_route=\/wp\/v2\/product"}],"about":[{"href":"https:\/\/locationdesducs.fr\/index.php?rest_route=\/wp\/v2\/types\/product"}],"wp:featuredmedia":[{"embeddable":true,"href":"https:\/\/locationdesducs.fr\/index.php?rest_route=\/wp\/v2\/media\/7740"}],"wp:attachment":[{"href":"https:\/\/locationdesducs.fr\/index.php?rest_route=%2Fwp%2Fv2%2Fmedia&parent=7738"}],"wp:term":[{"taxonomy":"product_brand","embeddable":true,"href":"https:\/\/locationdesducs.fr\/index.php?rest_route=%2Fwp%2Fv2%2Fproduct_brand&post=7738"},{"taxonomy":"product_cat","embeddable":true,"href":"https:\/\/locationdesducs.fr\/index.php?rest_route=%2Fwp%2Fv2%2Fproduct_cat&post=7738"},{"taxonomy":"product_tag","embeddable":true,"href":"https:\/\/locationdesducs.fr\/index.php?rest_route=%2Fwp%2Fv2%2Fproduct_tag&post=7738"}],"curies":[{"name":"wp","href":"https:\/\/api.w.org\/{rel}","templated":true}]}}

<p><strong>Location des Ducs</strong> vous propose à la location un <strong>pupitre transparent</strong>, idéal pour vos <strong>conférences</strong>, <strong>présentations</strong> et <strong>discours</strong>.</p>
<p>Ce <strong>pupitre élégant</strong> en <strong>acrylique transparent</strong> offre une <strong>visibilité optimale</strong> et s&rsquo;intègre parfaitement à tout type d&rsquo;événement. Son <strong>design moderne</strong> et <strong>raffiné</strong> apporte une touche de <strong>sophistication</strong> à votre espace de présentation. Robuste et stable, ce pupitre est conçu pour assurer un <strong>confort</strong> et une <strong>ergonomie</strong> maximaux pour l&rsquo;orateur. <strong>Louez</strong> dès maintenant</p>

<p>Location des Ducs vous propose à la location un pupitre transparent, idéal pour vos conférences, présentations et discours. Ce pupitre &hellip; <a href="https://locationdesducs.fr/?product=pupitre-transparent" class="more-link"><span class="more-button">Voir plus &#8230;<span class="screen-reader-text">Pupitre transparent</span></span></a></p>
