{"id":7668,"date":"2024-07-24T11:38:20","date_gmt":"2024-07-24T09:38:20","guid":{"rendered":"https:\/\/locationdesducs.fr\/?post_type=product&#038;p=7668"},"modified":"2026-02-19T14:01:27","modified_gmt":"2026-02-19T13:01:27","slug":"boost-light70","status":"publish","type":"product","link":"https:\/\/locationdesducs.fr\/?product=boost-light70","title":{"rendered":"BOOST-LIGHT70"},"content":{"rendered":"<p><strong>Location des Ducs<\/strong> vous propose \u00e0 la location le <strong>BOOST-LIGHT70<\/strong><\/p>\n<p>Un <strong>\u00e9quipement d&rsquo;\u00e9clairage professionnel<\/strong> id\u00e9al pour vos <strong>\u00e9v\u00e9nements et soir\u00e9es anim\u00e9es.<\/strong>\u00a0Ce projecteur de haute qualit\u00e9 offre une <strong>puissance lumineuse\u00a0<\/strong>exceptionnelle, avec des r\u00e9glages pr\u00e9cis pour s&rsquo;adapter \u00e0 vos besoins. Facile \u00e0 installer et \u00e0 utiliser, le <strong>BOOST-LIGHT70\u00a0<\/strong>est parfait pour cr\u00e9er des <strong>ambiances lumineuses<\/strong> uniques et mettre en valeur vos espaces.<\/p>\n","protected":false},"excerpt":{"rendered":"<p>Location des Ducs vous propose \u00e0 la location le BOOST-LIGHT70 Un \u00e9quipement d&rsquo;\u00e9clairage professionnel id\u00e9al pour vos \u00e9v\u00e9nements et soir\u00e9es &hellip; <a href=\"https:\/\/locationdesducs.fr\/?product=boost-light70\" class=\"more-link\"><span class=\"more-button\">Voir plus &#8230;<span class=\"screen-reader-text\">BOOST-LIGHT70<\/span><\/span><\/a><\/p>\n","protected":false},"featured_media":7669,"template":"","meta":[],"product_brand":[],"product_cat":[71,85],"product_tag":[80,81,82,75,79],"class_list":{"0":"post-7668","1":"product","2":"type-product","3":"status-publish","4":"has-post-thumbnail","6":"product_cat-lumiere","7":"product_cat-pack-dj-sonorisation","8":"product_tag-anniversaire","9":"product_tag-cocktail","10":"product_tag-dj","11":"product_tag-location","12":"product_tag-mariage","14":"first","15":"instock","16":"taxable","17":"shipping-taxable","18":"purchasable","19":"product-type-simple"},"jetpack_sharing_enabled":true,"_links":{"self":[{"href":"https:\/\/locationdesducs.fr\/index.php?rest_route=\/wp\/v2\/product\/7668","targetHints":{"allow":["GET"]}}],"collection":[{"href":"https:\/\/locationdesducs.fr\/index.php?rest_route=\/wp\/v2\/product"}],"about":[{"href":"https:\/\/locationdesducs.fr\/index.php?rest_route=\/wp\/v2\/types\/product"}],"wp:featuredmedia":[{"embeddable":true,"href":"https:\/\/locationdesducs.fr\/index.php?rest_route=\/wp\/v2\/media\/7669"}],"wp:attachment":[{"href":"https:\/\/locationdesducs.fr\/index.php?rest_route=%2Fwp%2Fv2%2Fmedia&parent=7668"}],"wp:term":[{"taxonomy":"product_brand","embeddable":true,"href":"https:\/\/locationdesducs.fr\/index.php?rest_route=%2Fwp%2Fv2%2Fproduct_brand&post=7668"},{"taxonomy":"product_cat","embeddable":true,"href":"https:\/\/locationdesducs.fr\/index.php?rest_route=%2Fwp%2Fv2%2Fproduct_cat&post=7668"},{"taxonomy":"product_tag","embeddable":true,"href":"https:\/\/locationdesducs.fr\/index.php?rest_route=%2Fwp%2Fv2%2Fproduct_tag&post=7668"}],"curies":[{"name":"wp","href":"https:\/\/api.w.org\/{rel}","templated":true}]}}