{"id":7333,"date":"2024-07-17T15:52:40","date_gmt":"2024-07-17T13:52:40","guid":{"rendered":"https:\/\/locationdesducs.fr\/?post_type=product&#038;p=7333"},"modified":"2026-02-19T12:37:48","modified_gmt":"2026-02-19T11:37:48","slug":"vasque","status":"publish","type":"product","link":"https:\/\/locationdesducs.fr\/?product=vasque","title":{"rendered":"Vasque"},"content":{"rendered":"<p><strong>Location des Ducs<\/strong> vous propose \u00e0 la location une <strong>vasque \u00e0 vin et champagne<\/strong><\/p>\n<p>Id\u00e9ale pour vos <strong>r\u00e9ceptions<\/strong>, <strong>mariages<\/strong> et <strong>\u00e9v\u00e9nements sp\u00e9ciaux<\/strong>. Con\u00e7ue pour maintenir vos <strong>bouteilles de vin,<\/strong>\u00a0<strong>flacons de champagne<\/strong>\u00a0et <strong>magnum<\/strong> au frais, cette vasque \u00e9l\u00e9gante est parfaite pour offrir \u00e0 vos invit\u00e9s un service raffin\u00e9.<\/p>\n<p>Avec son design chic et sa capacit\u00e9 g\u00e9n\u00e9reuse, elle ajoute une touche de sophistication \u00e0 votre espace de <strong>buffet<\/strong> ou \u00e0 votre <strong>table de r\u00e9ception<\/strong>. Facile \u00e0 utiliser et \u00e0 entretenir, elle s&rsquo;int\u00e8gre harmonieusement dans tout type de d\u00e9cor.<\/p>\n","protected":false},"excerpt":{"rendered":"<p>Location des Ducs vous propose \u00e0 la location une vasque \u00e0 vin et champagne Id\u00e9ale pour vos r\u00e9ceptions, mariages et &hellip; <a href=\"https:\/\/locationdesducs.fr\/?product=vasque\" class=\"more-link\"><span class=\"more-button\">Voir plus &#8230;<span class=\"screen-reader-text\">Vasque<\/span><\/span><\/a><\/p>\n","protected":false},"featured_media":7324,"template":"","meta":[],"product_brand":[],"product_cat":[61],"product_tag":[81,75,76,78],"class_list":{"0":"post-7333","1":"product","2":"type-product","3":"status-publish","4":"has-post-thumbnail","6":"product_cat-decoration-accessoires","7":"product_tag-cocktail","8":"product_tag-location","9":"product_tag-salon-exposition","10":"product_tag-seminaire","12":"first","13":"instock","14":"taxable","15":"shipping-taxable","16":"purchasable","17":"product-type-simple"},"jetpack_sharing_enabled":true,"_links":{"self":[{"href":"https:\/\/locationdesducs.fr\/index.php?rest_route=\/wp\/v2\/product\/7333","targetHints":{"allow":["GET"]}}],"collection":[{"href":"https:\/\/locationdesducs.fr\/index.php?rest_route=\/wp\/v2\/product"}],"about":[{"href":"https:\/\/locationdesducs.fr\/index.php?rest_route=\/wp\/v2\/types\/product"}],"wp:featuredmedia":[{"embeddable":true,"href":"https:\/\/locationdesducs.fr\/index.php?rest_route=\/wp\/v2\/media\/7324"}],"wp:attachment":[{"href":"https:\/\/locationdesducs.fr\/index.php?rest_route=%2Fwp%2Fv2%2Fmedia&parent=7333"}],"wp:term":[{"taxonomy":"product_brand","embeddable":true,"href":"https:\/\/locationdesducs.fr\/index.php?rest_route=%2Fwp%2Fv2%2Fproduct_brand&post=7333"},{"taxonomy":"product_cat","embeddable":true,"href":"https:\/\/locationdesducs.fr\/index.php?rest_route=%2Fwp%2Fv2%2Fproduct_cat&post=7333"},{"taxonomy":"product_tag","embeddable":true,"href":"https:\/\/locationdesducs.fr\/index.php?rest_route=%2Fwp%2Fv2%2Fproduct_tag&post=7333"}],"curies":[{"name":"wp","href":"https:\/\/api.w.org\/{rel}","templated":true}]}}