{"id":7297,"date":"2024-07-17T11:42:44","date_gmt":"2024-07-17T09:42:44","guid":{"rendered":"https:\/\/locationdesducs.fr\/?post_type=product&#038;p=7297"},"modified":"2026-02-19T12:45:49","modified_gmt":"2026-02-19T11:45:49","slug":"table-pliante-ronde","status":"publish","type":"product","link":"https:\/\/locationdesducs.fr\/?product=table-pliante-ronde","title":{"rendered":"Table pliante ronde"},"content":{"rendered":"<div class=\"flex-shrink-0 flex flex-col relative items-end\">\n<div>\n<div class=\"pt-0\">\n<div class=\"gizmo-bot-avatar flex h-8 w-8 items-center justify-center overflow-hidden rounded-full\"><\/div>\n<\/div>\n<\/div>\n<\/div>\n<div class=\"group\/conversation-turn relative flex w-full min-w-0 flex-col agent-turn\">\n<div class=\"flex-col gap-1 md:gap-3\">\n<div class=\"flex flex-grow flex-col max-w-full\">\n<div class=\"min-h-[20px] text-message flex w-full flex-col items-end gap-2 whitespace-pre-wrap break-words [.text-message+&amp;]:mt-5 overflow-x-auto\" dir=\"auto\" data-message-author-role=\"assistant\" data-message-id=\"1d6731a7-7b15-45b0-b8f1-a723320a874b\">\n<div class=\"flex w-full flex-col gap-1 empty:hidden first:pt-[3px]\">\n<div class=\"markdown prose w-full break-words dark:prose-invert light\">\n<p><strong>Location des Ducs<\/strong> vous propose \u00e0 la location des <strong>tables rondes de 8 personnes<\/strong>, 150cm<\/p>\n<p>Parfaites pour vos <strong>r\u00e9ceptions<\/strong>, <strong>mariages<\/strong> et <strong>\u00e9v\u00e9nements sp\u00e9ciaux<\/strong>. Ces <strong>tables rondes<\/strong> offrent un <strong>espace g\u00e9n\u00e9reux<\/strong> pour accueillir confortablement vos invit\u00e9s, favorisant une <strong>ambiance conviviale<\/strong> et <strong>intimiste<\/strong>.<\/p>\n<p>Con\u00e7ues pour \u00eatre \u00e0 la fois <strong>\u00e9l\u00e9gantes<\/strong> et <strong>fonctionnelles<\/strong>, elles s&rsquo;adaptent \u00e0 tous les styles de d\u00e9coration et sont faciles \u00e0 assembler et \u00e0 transporter.<\/p>\n<p>&nbsp;<\/p>\n<\/div>\n<\/div>\n<\/div>\n<\/div>\n<\/div>\n<\/div>\n","protected":false},"excerpt":{"rendered":"<p>Location des Ducs vous propose \u00e0 la location des tables rondes de 8 personnes, 150cm Parfaites pour vos r\u00e9ceptions, mariages &hellip; <a href=\"https:\/\/locationdesducs.fr\/?product=table-pliante-ronde\" class=\"more-link\"><span class=\"more-button\">Voir plus &#8230;<span class=\"screen-reader-text\">Table pliante ronde<\/span><\/span><\/a><\/p>\n","protected":false},"featured_media":7298,"template":"","meta":[],"product_brand":[],"product_cat":[58],"product_tag":[80,81,75,79,77,78],"class_list":{"0":"post-7297","1":"product","2":"type-product","3":"status-publish","4":"has-post-thumbnail","6":"product_cat-tables","7":"product_tag-anniversaire","8":"product_tag-cocktail","9":"product_tag-location","10":"product_tag-mariage","11":"product_tag-reunion","12":"product_tag-seminaire","14":"first","15":"instock","16":"taxable","17":"shipping-taxable","18":"purchasable","19":"product-type-simple"},"jetpack_sharing_enabled":true,"_links":{"self":[{"href":"https:\/\/locationdesducs.fr\/index.php?rest_route=\/wp\/v2\/product\/7297","targetHints":{"allow":["GET"]}}],"collection":[{"href":"https:\/\/locationdesducs.fr\/index.php?rest_route=\/wp\/v2\/product"}],"about":[{"href":"https:\/\/locationdesducs.fr\/index.php?rest_route=\/wp\/v2\/types\/product"}],"wp:featuredmedia":[{"embeddable":true,"href":"https:\/\/locationdesducs.fr\/index.php?rest_route=\/wp\/v2\/media\/7298"}],"wp:attachment":[{"href":"https:\/\/locationdesducs.fr\/index.php?rest_route=%2Fwp%2Fv2%2Fmedia&parent=7297"}],"wp:term":[{"taxonomy":"product_brand","embeddable":true,"href":"https:\/\/locationdesducs.fr\/index.php?rest_route=%2Fwp%2Fv2%2Fproduct_brand&post=7297"},{"taxonomy":"product_cat","embeddable":true,"href":"https:\/\/locationdesducs.fr\/index.php?rest_route=%2Fwp%2Fv2%2Fproduct_cat&post=7297"},{"taxonomy":"product_tag","embeddable":true,"href":"https:\/\/locationdesducs.fr\/index.php?rest_route=%2Fwp%2Fv2%2Fproduct_tag&post=7297"}],"curies":[{"name":"wp","href":"https:\/\/api.w.org\/{rel}","templated":true}]}}