{"id":7292,"date":"2024-07-17T11:32:56","date_gmt":"2024-07-17T09:32:56","guid":{"rendered":"https:\/\/locationdesducs.fr\/?post_type=product&#038;p=7292"},"modified":"2026-02-19T12:42:35","modified_gmt":"2026-02-19T11:42:35","slug":"miroir-doree","status":"publish","type":"product","link":"https:\/\/locationdesducs.fr\/?product=miroir-doree","title":{"rendered":"Miroir dor\u00e9e 1m50 x 1m10"},"content":{"rendered":"<p><strong>Location des Ducs<\/strong> vous propose \u00e0 la location un <strong>miroir dor\u00e9<\/strong> de <strong>1m50 x 1m10<\/strong><\/p>\n<p>Parfait pour ajouter une touche de <strong>luxe\u00a0<\/strong>et d&rsquo;<strong>\u00e9l\u00e9gance<\/strong> \u00e0 vos <strong>r\u00e9ceptions<\/strong>, <strong>mariages<\/strong> et <strong>\u00e9v\u00e9nements sp\u00e9ciaux<\/strong>.<\/p>\n<p>Ce <strong>miroir grand format<\/strong> avec son <strong>cadre dor\u00e9\u00a0<\/strong>sophistiqu\u00e9 est id\u00e9al pour <strong>agrandir<\/strong> visuellement vos espaces. Son design raffin\u00e9 s&rsquo;int\u00e8gre parfaitement dans tout type de d\u00e9coration, apportant une touche de <strong>chic<\/strong> \u00e0 votre lieu de f\u00eate.<\/p>\n","protected":false},"excerpt":{"rendered":"<p>Location des Ducs vous propose \u00e0 la location un miroir dor\u00e9 de 1m50 x 1m10 Parfait pour ajouter une touche &hellip; <a href=\"https:\/\/locationdesducs.fr\/?product=miroir-doree\" class=\"more-link\"><span class=\"more-button\">Voir plus &#8230;<span class=\"screen-reader-text\">Miroir dor\u00e9e 1m50 x 1m10<\/span><\/span><\/a><\/p>\n","protected":false},"featured_media":7293,"template":"","meta":[],"product_brand":[],"product_cat":[61],"product_tag":[80,81,75,79],"class_list":{"0":"post-7292","1":"product","2":"type-product","3":"status-publish","4":"has-post-thumbnail","6":"product_cat-decoration-accessoires","7":"product_tag-anniversaire","8":"product_tag-cocktail","9":"product_tag-location","10":"product_tag-mariage","12":"first","13":"instock","14":"taxable","15":"shipping-taxable","16":"purchasable","17":"product-type-simple"},"jetpack_sharing_enabled":true,"_links":{"self":[{"href":"https:\/\/locationdesducs.fr\/index.php?rest_route=\/wp\/v2\/product\/7292","targetHints":{"allow":["GET"]}}],"collection":[{"href":"https:\/\/locationdesducs.fr\/index.php?rest_route=\/wp\/v2\/product"}],"about":[{"href":"https:\/\/locationdesducs.fr\/index.php?rest_route=\/wp\/v2\/types\/product"}],"wp:featuredmedia":[{"embeddable":true,"href":"https:\/\/locationdesducs.fr\/index.php?rest_route=\/wp\/v2\/media\/7293"}],"wp:attachment":[{"href":"https:\/\/locationdesducs.fr\/index.php?rest_route=%2Fwp%2Fv2%2Fmedia&parent=7292"}],"wp:term":[{"taxonomy":"product_brand","embeddable":true,"href":"https:\/\/locationdesducs.fr\/index.php?rest_route=%2Fwp%2Fv2%2Fproduct_brand&post=7292"},{"taxonomy":"product_cat","embeddable":true,"href":"https:\/\/locationdesducs.fr\/index.php?rest_route=%2Fwp%2Fv2%2Fproduct_cat&post=7292"},{"taxonomy":"product_tag","embeddable":true,"href":"https:\/\/locationdesducs.fr\/index.php?rest_route=%2Fwp%2Fv2%2Fproduct_tag&post=7292"}],"curies":[{"name":"wp","href":"https:\/\/api.w.org\/{rel}","templated":true}]}}