{"id":7264,"date":"2024-07-16T15:58:55","date_gmt":"2024-07-16T13:58:55","guid":{"rendered":"https:\/\/locationdesducs.fr\/?post_type=product&#038;p=7264"},"modified":"2026-02-19T14:02:37","modified_gmt":"2026-02-19T13:02:37","slug":"table-djma9","status":"publish","type":"product","link":"https:\/\/locationdesducs.fr\/?product=table-djma9","title":{"rendered":"Table de mixage PIONEER DJ DJM-A9"},"content":{"rendered":"<p>Location des Ducs vous propose \u00e0 la location <b>la nouvelle table de mixage PIONEER DJ DJM-A9.<\/b><\/p>\n<p>La <strong>Pioneer DJ DJM-A9<\/strong> \u00e9l\u00e8ve encore le niveau dans la cat\u00e9gorie des <strong>tables de mixage DJ 4 voies<\/strong> d\u00e9di\u00e9es aux clubs. Elle offre une <strong>qualit\u00e9 sonore incroyablement claire<\/strong> gr\u00e2ce \u00e0 ses nouveaux convertisseurs, et une <strong>jouabilit\u00e9 am\u00e9lior\u00e9e<\/strong>avec un espacement optimis\u00e9 entre les diff\u00e9rents potentiom\u00e8tres.<\/p>\n<p>De plus, cette table de mixage dispose d&rsquo;une <strong>connectivit\u00e9 am\u00e9lior\u00e9e<\/strong> et de nombreuses nouvelles fonctionnalit\u00e9s pour aider les DJ \u00e0 faire passer leurs performances au <strong>niveau sup\u00e9rieur<\/strong>.<\/p>\n","protected":false},"excerpt":{"rendered":"<p>Location des Ducs vous propose \u00e0 la location la nouvelle table de mixage PIONEER DJ DJM-A9. La Pioneer DJ DJM-A9 &hellip; <a href=\"https:\/\/locationdesducs.fr\/?product=table-djma9\" class=\"more-link\"><span class=\"more-button\">Voir plus &#8230;<span class=\"screen-reader-text\">Table de mixage PIONEER DJ DJM-A9<\/span><\/span><\/a><\/p>\n","protected":false},"featured_media":7261,"template":"","meta":[],"product_brand":[],"product_cat":[85,69],"product_tag":[80,81,82,75,79],"class_list":{"0":"post-7264","1":"product","2":"type-product","3":"status-publish","4":"has-post-thumbnail","6":"product_cat-pack-dj-sonorisation","7":"product_cat-son","8":"product_tag-anniversaire","9":"product_tag-cocktail","10":"product_tag-dj","11":"product_tag-location","12":"product_tag-mariage","14":"first","15":"instock","16":"taxable","17":"shipping-taxable","18":"purchasable","19":"product-type-simple"},"jetpack_sharing_enabled":true,"_links":{"self":[{"href":"https:\/\/locationdesducs.fr\/index.php?rest_route=\/wp\/v2\/product\/7264","targetHints":{"allow":["GET"]}}],"collection":[{"href":"https:\/\/locationdesducs.fr\/index.php?rest_route=\/wp\/v2\/product"}],"about":[{"href":"https:\/\/locationdesducs.fr\/index.php?rest_route=\/wp\/v2\/types\/product"}],"wp:featuredmedia":[{"embeddable":true,"href":"https:\/\/locationdesducs.fr\/index.php?rest_route=\/wp\/v2\/media\/7261"}],"wp:attachment":[{"href":"https:\/\/locationdesducs.fr\/index.php?rest_route=%2Fwp%2Fv2%2Fmedia&parent=7264"}],"wp:term":[{"taxonomy":"product_brand","embeddable":true,"href":"https:\/\/locationdesducs.fr\/index.php?rest_route=%2Fwp%2Fv2%2Fproduct_brand&post=7264"},{"taxonomy":"product_cat","embeddable":true,"href":"https:\/\/locationdesducs.fr\/index.php?rest_route=%2Fwp%2Fv2%2Fproduct_cat&post=7264"},{"taxonomy":"product_tag","embeddable":true,"href":"https:\/\/locationdesducs.fr\/index.php?rest_route=%2Fwp%2Fv2%2Fproduct_tag&post=7264"}],"curies":[{"name":"wp","href":"https:\/\/api.w.org\/{rel}","templated":true}]}}