{"id":7262,"date":"2024-07-16T15:55:48","date_gmt":"2024-07-16T13:55:48","guid":{"rendered":"https:\/\/locationdesducs.fr\/?post_type=product&#038;p=7262"},"modified":"2026-02-19T14:02:20","modified_gmt":"2026-02-19T13:02:20","slug":"platine-cdj-3000","status":"publish","type":"product","link":"https:\/\/locationdesducs.fr\/?product=platine-cdj-3000","title":{"rendered":"Platine PIONEER DJ CDJ-3000"},"content":{"rendered":"<p>Location des Ducs vous propose \u00e0 la location\u00a0<b>la nouvelle platine PIONEER DJ CDJ-3000<\/b><\/p>\n<p>D\u00e9couvrez une nouvelle dimension de <strong>puissance cr\u00e9ative<\/strong> avec le <strong>CDJ-3000<\/strong>, le tout nouveau <strong>lecteur multi-format<\/strong> de r\u00e9f\u00e9rence. \u00c9quip\u00e9 d&rsquo;un <strong>nouveau MPU (microprocesseur)<\/strong> et de composants de <strong>haute qualit\u00e9<\/strong> sp\u00e9cialement con\u00e7us, le CDJ-3000 est un appareil robuste, riche en <strong>fonctionnalit\u00e9s innovantes<\/strong>.<\/p>\n<p>Ce lecteur est con\u00e7u pour lib\u00e9rer votre cr\u00e9ativit\u00e9 comme jamais auparavant, vous offrant une exp\u00e9rience de mixage et de performance in\u00e9gal\u00e9e.<\/p>\n","protected":false},"excerpt":{"rendered":"<p>Location des Ducs vous propose \u00e0 la location\u00a0la nouvelle platine PIONEER DJ CDJ-3000 D\u00e9couvrez une nouvelle dimension de puissance cr\u00e9ative &hellip; <a href=\"https:\/\/locationdesducs.fr\/?product=platine-cdj-3000\" class=\"more-link\"><span class=\"more-button\">Voir plus &#8230;<span class=\"screen-reader-text\">Platine PIONEER DJ CDJ-3000<\/span><\/span><\/a><\/p>\n","protected":false},"featured_media":7255,"template":"","meta":[],"product_brand":[],"product_cat":[85,69],"product_tag":[80,81,82,75,79],"class_list":{"0":"post-7262","1":"product","2":"type-product","3":"status-publish","4":"has-post-thumbnail","6":"product_cat-pack-dj-sonorisation","7":"product_cat-son","8":"product_tag-anniversaire","9":"product_tag-cocktail","10":"product_tag-dj","11":"product_tag-location","12":"product_tag-mariage","14":"first","15":"instock","16":"taxable","17":"shipping-taxable","18":"purchasable","19":"product-type-simple"},"jetpack_sharing_enabled":true,"_links":{"self":[{"href":"https:\/\/locationdesducs.fr\/index.php?rest_route=\/wp\/v2\/product\/7262","targetHints":{"allow":["GET"]}}],"collection":[{"href":"https:\/\/locationdesducs.fr\/index.php?rest_route=\/wp\/v2\/product"}],"about":[{"href":"https:\/\/locationdesducs.fr\/index.php?rest_route=\/wp\/v2\/types\/product"}],"wp:featuredmedia":[{"embeddable":true,"href":"https:\/\/locationdesducs.fr\/index.php?rest_route=\/wp\/v2\/media\/7255"}],"wp:attachment":[{"href":"https:\/\/locationdesducs.fr\/index.php?rest_route=%2Fwp%2Fv2%2Fmedia&parent=7262"}],"wp:term":[{"taxonomy":"product_brand","embeddable":true,"href":"https:\/\/locationdesducs.fr\/index.php?rest_route=%2Fwp%2Fv2%2Fproduct_brand&post=7262"},{"taxonomy":"product_cat","embeddable":true,"href":"https:\/\/locationdesducs.fr\/index.php?rest_route=%2Fwp%2Fv2%2Fproduct_cat&post=7262"},{"taxonomy":"product_tag","embeddable":true,"href":"https:\/\/locationdesducs.fr\/index.php?rest_route=%2Fwp%2Fv2%2Fproduct_tag&post=7262"}],"curies":[{"name":"wp","href":"https:\/\/api.w.org\/{rel}","templated":true}]}}