{"id":7221,"date":"2024-07-16T15:08:09","date_gmt":"2024-07-16T13:08:09","guid":{"rendered":"https:\/\/locationdesducs.fr\/?post_type=product&#038;p=7221"},"modified":"2026-02-19T14:12:47","modified_gmt":"2026-02-19T13:12:47","slug":"machine-a-pop-corn","status":"publish","type":"product","link":"https:\/\/locationdesducs.fr\/?product=machine-a-pop-corn","title":{"rendered":"Machine \u00e0 Pop-Corn"},"content":{"rendered":"<p>Location des Ducs vous propose \u00e0 la location <b>une machine \u00e0 popcorn avec chariot.<\/b><\/p>\n<p>Parfaite pour ajouter une touche <strong>festive<\/strong> \u00e0 vos <strong>\u00e9v\u00e9nements<\/strong>, <strong>r\u00e9ceptions<\/strong> et <strong>soir\u00e9es<\/strong>. Cette <strong>machine \u00e0 pop-corn professionnelle<\/strong> est con\u00e7ue pour produire du pop-corn frais et <strong>d\u00e9licieux<\/strong> en un rien de temps.<\/p>\n<p>Avec sa <strong>capacit\u00e9 g\u00e9n\u00e9reuse<\/strong> et son <strong>design \u00e9l\u00e9gant<\/strong>, elle est id\u00e9ale pour servir un grand nombre d&rsquo;invit\u00e9s tout en apportant une <strong>note amusante<\/strong> \u00e0 votre \u00e9v\u00e9nement.<\/p>\n<p>Rendement \u00e9lev\u00e9<span class=\"Apple-converted-space\">\u00a0 <\/span>jusqu\u2019\u00e0 5\u00a0kg de popcorn par heure, gr\u00e2ce \u00e0 une puissance de 1\u00a0500\u00a0W avec une chambre de cuisson \u00e9clair\u00e9e.<b> <\/b>Dimensions de<b> <\/b>94 x 51 x 156 cm<\/p>\n","protected":false},"excerpt":{"rendered":"<p>Location des Ducs vous propose \u00e0 la location une machine \u00e0 popcorn avec chariot. Parfaite pour ajouter une touche festive &hellip; <a href=\"https:\/\/locationdesducs.fr\/?product=machine-a-pop-corn\" class=\"more-link\"><span class=\"more-button\">Voir plus &#8230;<span class=\"screen-reader-text\">Machine \u00e0 Pop-Corn<\/span><\/span><\/a><\/p>\n","protected":false},"featured_media":8545,"template":"","meta":[],"product_brand":[],"product_cat":[67,87],"product_tag":[80,81,75,79],"class_list":{"0":"post-7221","1":"product","2":"type-product","3":"status-publish","4":"has-post-thumbnail","6":"product_cat-electromenager","7":"product_cat-pack-mariage","8":"product_tag-anniversaire","9":"product_tag-cocktail","10":"product_tag-location","11":"product_tag-mariage","13":"first","14":"instock","15":"taxable","16":"shipping-taxable","17":"purchasable","18":"product-type-simple"},"jetpack_sharing_enabled":true,"_links":{"self":[{"href":"https:\/\/locationdesducs.fr\/index.php?rest_route=\/wp\/v2\/product\/7221","targetHints":{"allow":["GET"]}}],"collection":[{"href":"https:\/\/locationdesducs.fr\/index.php?rest_route=\/wp\/v2\/product"}],"about":[{"href":"https:\/\/locationdesducs.fr\/index.php?rest_route=\/wp\/v2\/types\/product"}],"wp:featuredmedia":[{"embeddable":true,"href":"https:\/\/locationdesducs.fr\/index.php?rest_route=\/wp\/v2\/media\/8545"}],"wp:attachment":[{"href":"https:\/\/locationdesducs.fr\/index.php?rest_route=%2Fwp%2Fv2%2Fmedia&parent=7221"}],"wp:term":[{"taxonomy":"product_brand","embeddable":true,"href":"https:\/\/locationdesducs.fr\/index.php?rest_route=%2Fwp%2Fv2%2Fproduct_brand&post=7221"},{"taxonomy":"product_cat","embeddable":true,"href":"https:\/\/locationdesducs.fr\/index.php?rest_route=%2Fwp%2Fv2%2Fproduct_cat&post=7221"},{"taxonomy":"product_tag","embeddable":true,"href":"https:\/\/locationdesducs.fr\/index.php?rest_route=%2Fwp%2Fv2%2Fproduct_tag&post=7221"}],"curies":[{"name":"wp","href":"https:\/\/api.w.org\/{rel}","templated":true}]}}