{"id":7219,"date":"2024-07-16T15:05:48","date_gmt":"2024-07-16T13:05:48","guid":{"rendered":"https:\/\/locationdesducs.fr\/?post_type=product&#038;p=7219"},"modified":"2026-02-19T12:50:10","modified_gmt":"2026-02-19T11:50:10","slug":"enceinte-marshall","status":"publish","type":"product","link":"https:\/\/locationdesducs.fr\/?product=enceinte-marshall","title":{"rendered":"Enceinte portable MARSHALL TUFTON"},"content":{"rendered":"<p>Location des Ducs vous propose \u00e0 la location une<b> Enceinte portable MARSHALL TUFTON.<\/b><\/p>\n<p><strong>D\u00e9couvrez notre haut-parleur de grand format<\/strong>, alliant <strong>puissance<\/strong> et <strong>mobilit\u00e9<\/strong> pour une utilisation optimale tant \u00e0 l&rsquo;int\u00e9rieur qu&rsquo;\u00e0 l&rsquo;ext\u00e9rieur. Avec une <strong>puissance sonore impressionnante de 70 Watts RMS<\/strong>, il assure une qualit\u00e9 audio exceptionnelle pour toutes vos <strong>r\u00e9unions<\/strong> et <strong>\u00e9v\u00e9nements<\/strong>.<\/p>\n<p>Fonctionnant aussi bien <strong>sur secteur<\/strong> que sur <strong>batterie<\/strong>, il offre une <strong>autonomie allant jusqu&rsquo;\u00e0 20 heures<\/strong>, vous permettant de profiter de votre musique tout au long de la journ\u00e9e. De plus, le <strong>temps de charge rapide de seulement 2 heures<\/strong> garantit une pr\u00e9paration rapide pour vos prochaines occasions.<\/p>\n","protected":false},"excerpt":{"rendered":"<p>Location des Ducs vous propose \u00e0 la location une Enceinte portable MARSHALL TUFTON. D\u00e9couvrez notre haut-parleur de grand format, alliant &hellip; <a href=\"https:\/\/locationdesducs.fr\/?product=enceinte-marshall\" class=\"more-link\"><span class=\"more-button\">Voir plus &#8230;<span class=\"screen-reader-text\">Enceinte portable MARSHALL TUFTON<\/span><\/span><\/a><\/p>\n","protected":false},"featured_media":7185,"template":"","meta":[],"product_brand":[],"product_cat":[69],"product_tag":[80,81,82,75,79],"class_list":{"0":"post-7219","1":"product","2":"type-product","3":"status-publish","4":"has-post-thumbnail","6":"product_cat-son","7":"product_tag-anniversaire","8":"product_tag-cocktail","9":"product_tag-dj","10":"product_tag-location","11":"product_tag-mariage","13":"first","14":"instock","15":"taxable","16":"shipping-taxable","17":"purchasable","18":"product-type-simple"},"jetpack_sharing_enabled":true,"_links":{"self":[{"href":"https:\/\/locationdesducs.fr\/index.php?rest_route=\/wp\/v2\/product\/7219","targetHints":{"allow":["GET"]}}],"collection":[{"href":"https:\/\/locationdesducs.fr\/index.php?rest_route=\/wp\/v2\/product"}],"about":[{"href":"https:\/\/locationdesducs.fr\/index.php?rest_route=\/wp\/v2\/types\/product"}],"wp:featuredmedia":[{"embeddable":true,"href":"https:\/\/locationdesducs.fr\/index.php?rest_route=\/wp\/v2\/media\/7185"}],"wp:attachment":[{"href":"https:\/\/locationdesducs.fr\/index.php?rest_route=%2Fwp%2Fv2%2Fmedia&parent=7219"}],"wp:term":[{"taxonomy":"product_brand","embeddable":true,"href":"https:\/\/locationdesducs.fr\/index.php?rest_route=%2Fwp%2Fv2%2Fproduct_brand&post=7219"},{"taxonomy":"product_cat","embeddable":true,"href":"https:\/\/locationdesducs.fr\/index.php?rest_route=%2Fwp%2Fv2%2Fproduct_cat&post=7219"},{"taxonomy":"product_tag","embeddable":true,"href":"https:\/\/locationdesducs.fr\/index.php?rest_route=%2Fwp%2Fv2%2Fproduct_tag&post=7219"}],"curies":[{"name":"wp","href":"https:\/\/api.w.org\/{rel}","templated":true}]}}