{"id":7178,"date":"2024-07-16T14:15:02","date_gmt":"2024-07-16T12:15:02","guid":{"rendered":"https:\/\/locationdesducs.fr\/?post_type=product&#038;p=7178"},"modified":"2026-02-19T12:50:16","modified_gmt":"2026-02-19T11:50:16","slug":"enceinte-bose-s1-pro-plus","status":"publish","type":"product","link":"https:\/\/locationdesducs.fr\/?product=enceinte-bose-s1-pro-plus","title":{"rendered":"Enceinte portable Bose S1 PRO +"},"content":{"rendered":"<p>Location des Ducs vous propose \u00e0 la location\u00a0<b>une enceinte portable Bose S1 PRO +.<\/b><\/p>\n<p>D\u00e9couvrez le <strong>Bose S1 Pro+<\/strong>, la version am\u00e9lior\u00e9e du <strong>syst\u00e8me sono portable<\/strong> le plus populaire de tous les temps ! Ce mod\u00e8le <strong>Plus<\/strong> offre des <strong>performances accrues<\/strong> et des <strong>fonctionnalit\u00e9s num\u00e9riques avanc\u00e9es<\/strong> pour une <strong>exp\u00e9rience utilisateur exceptionnelle<\/strong>.<\/p>\n<p>Le Bose S1 Pro+ conserve le <strong>format compact<\/strong> et les <strong>prestations acoustiques<\/strong> remarquables de son pr\u00e9d\u00e9cesseur tout en \u00e9tant <strong>plus l\u00e9ger<\/strong> et encore plus <strong>facile \u00e0 utiliser<\/strong>.<\/p>\n<p>L&rsquo;interface a \u00e9t\u00e9 <strong>simplifi\u00e9e<\/strong>, avec chaque canal \u00e9quip\u00e9 d&rsquo;un <strong>\u00e9cran OLED<\/strong> pour une <strong>visualisation claire<\/strong> du <strong>volume<\/strong> et des <strong>r\u00e9glages<\/strong>. De plus, les <strong>\u00e9crans pivotent<\/strong> lorsque vous inclinez le S1 Pro+, assurant une <strong>lisibilit\u00e9 parfaite<\/strong> en toutes circonstances. <strong>Louez<\/strong> ce syst\u00e8me <strong>haut de gamme<\/strong> pour b\u00e9n\u00e9ficier d&rsquo;une <strong>sonorisation puissante<\/strong> et d&rsquo;une <strong>interface intuitive<\/strong>.<\/p>\n","protected":false},"excerpt":{"rendered":"<p>Location des Ducs vous propose \u00e0 la location\u00a0une enceinte portable Bose S1 PRO +. D\u00e9couvrez le Bose S1 Pro+, la &hellip; <a href=\"https:\/\/locationdesducs.fr\/?product=enceinte-bose-s1-pro-plus\" class=\"more-link\"><span class=\"more-button\">Voir plus &#8230;<span class=\"screen-reader-text\">Enceinte portable Bose S1 PRO +<\/span><\/span><\/a><\/p>\n","protected":false},"featured_media":7179,"template":"","meta":[],"product_brand":[],"product_cat":[68,69],"product_tag":[80,81,82,75,79],"class_list":{"0":"post-7178","1":"product","2":"type-product","3":"status-publish","4":"has-post-thumbnail","6":"product_cat-materiel-audiovisuel","7":"product_cat-son","8":"product_tag-anniversaire","9":"product_tag-cocktail","10":"product_tag-dj","11":"product_tag-location","12":"product_tag-mariage","14":"first","15":"instock","16":"taxable","17":"shipping-taxable","18":"purchasable","19":"product-type-simple"},"jetpack_sharing_enabled":true,"_links":{"self":[{"href":"https:\/\/locationdesducs.fr\/index.php?rest_route=\/wp\/v2\/product\/7178","targetHints":{"allow":["GET"]}}],"collection":[{"href":"https:\/\/locationdesducs.fr\/index.php?rest_route=\/wp\/v2\/product"}],"about":[{"href":"https:\/\/locationdesducs.fr\/index.php?rest_route=\/wp\/v2\/types\/product"}],"wp:featuredmedia":[{"embeddable":true,"href":"https:\/\/locationdesducs.fr\/index.php?rest_route=\/wp\/v2\/media\/7179"}],"wp:attachment":[{"href":"https:\/\/locationdesducs.fr\/index.php?rest_route=%2Fwp%2Fv2%2Fmedia&parent=7178"}],"wp:term":[{"taxonomy":"product_brand","embeddable":true,"href":"https:\/\/locationdesducs.fr\/index.php?rest_route=%2Fwp%2Fv2%2Fproduct_brand&post=7178"},{"taxonomy":"product_cat","embeddable":true,"href":"https:\/\/locationdesducs.fr\/index.php?rest_route=%2Fwp%2Fv2%2Fproduct_cat&post=7178"},{"taxonomy":"product_tag","embeddable":true,"href":"https:\/\/locationdesducs.fr\/index.php?rest_route=%2Fwp%2Fv2%2Fproduct_tag&post=7178"}],"curies":[{"name":"wp","href":"https:\/\/api.w.org\/{rel}","templated":true}]}}

<p>Location des Ducs vous propose à la location <b>une enceinte portable Bose S1 PRO +.</b></p>
<p>Découvrez le <strong>Bose S1 Pro+</strong>, la version améliorée du <strong>système sono portable</strong> le plus populaire de tous les temps ! Ce modèle <strong>Plus</strong> offre des <strong>performances accrues</strong> et des <strong>fonctionnalités numériques avancées</strong> pour une <strong>expérience utilisateur exceptionnelle</strong>.</p>
<p>Le Bose S1 Pro+ conserve le <strong>format compact</strong> et les <strong>prestations acoustiques</strong> remarquables de son prédécesseur tout en étant <strong>plus léger</strong> et encore plus <strong>facile à utiliser</strong>.</p>
<p>L&rsquo;interface a été <strong>simplifiée</strong>, avec chaque canal équipé d&rsquo;un <strong>écran OLED</strong> pour une <strong>visualisation claire</strong> du <strong>volume</strong> et des <strong>réglages</strong>. De plus, les <strong>écrans pivotent</strong> lorsque vous inclinez le S1 Pro+, assurant une <strong>lisibilité parfaite</strong> en toutes circonstances. <strong>Louez</strong> ce système <strong>haut de gamme</strong> pour bénéficier d&rsquo;une <strong>sonorisation puissante</strong> et d&rsquo;une <strong>interface intuitive</strong>.</p>

<p>Location des Ducs vous propose à la location une enceinte portable Bose S1 PRO +. Découvrez le Bose S1 Pro+, la &hellip; <a href="https://locationdesducs.fr/?product=enceinte-bose-s1-pro-plus" class="more-link"><span class="more-button">Voir plus &#8230;<span class="screen-reader-text">Enceinte portable Bose S1 PRO +</span></span></a></p>
