{"id":7176,"date":"2024-07-16T14:02:24","date_gmt":"2024-07-16T12:02:24","guid":{"rendered":"https:\/\/locationdesducs.fr\/?post_type=product&#038;p=7176"},"modified":"2026-02-19T14:09:31","modified_gmt":"2026-02-19T13:09:31","slug":"cafetiere-philips","status":"publish","type":"product","link":"https:\/\/locationdesducs.fr\/?product=cafetiere-philips","title":{"rendered":"Cafeti\u00e8re Philips"},"content":{"rendered":"<p><strong>Location des Ducs<\/strong> vous propose \u00e0 la location une <strong>cafeti\u00e8re Philips \u00e0 capsules<\/strong><\/p>\n<p>Parfaite pour les amateurs de <strong>caf\u00e9<\/strong> qui recherchent <strong>confort<\/strong> et <strong>qualit\u00e9<\/strong>. Cette <strong>cafeti\u00e8re moderne<\/strong> offre une <strong>pr\u00e9paration rapide<\/strong> de vos boissons chaudes favorites gr\u00e2ce \u00e0 son syst\u00e8me <strong>d\u2019infusion par capsules<\/strong>. 19 bars de pression pour un expresso parfait avec\u00a03 tailles de boissons : ristretto, espresso, ou lungo.<\/p>\n<p>Son <strong>design compact<\/strong> et <strong>\u00e9l\u00e9gant<\/strong> s\u2019int\u00e8gre parfaitement dans toutes les cuisines, et son <strong>entretien simple<\/strong> assure une utilisation sans tracas. <strong>Louez<\/strong> d\u00e8s maintenant<\/p>\n","protected":false},"excerpt":{"rendered":"<p>Location des Ducs vous propose \u00e0 la location une cafeti\u00e8re Philips \u00e0 capsules Parfaite pour les amateurs de caf\u00e9 qui &hellip; <a href=\"https:\/\/locationdesducs.fr\/?product=cafetiere-philips\" class=\"more-link\"><span class=\"more-button\">Voir plus &#8230;<span class=\"screen-reader-text\">Cafeti\u00e8re Philips<\/span><\/span><\/a><\/p>\n","protected":false},"featured_media":7177,"template":"","meta":[],"product_brand":[],"product_cat":[67,84],"product_tag":[81,75,79,77,76,78],"class_list":{"0":"post-7176","1":"product","2":"type-product","3":"status-publish","4":"has-post-thumbnail","6":"product_cat-electromenager","7":"product_cat-pack-salon-exposition","8":"product_tag-cocktail","9":"product_tag-location","10":"product_tag-mariage","11":"product_tag-reunion","12":"product_tag-salon-exposition","13":"product_tag-seminaire","15":"first","16":"instock","17":"taxable","18":"shipping-taxable","19":"purchasable","20":"product-type-simple"},"jetpack_sharing_enabled":true,"_links":{"self":[{"href":"https:\/\/locationdesducs.fr\/index.php?rest_route=\/wp\/v2\/product\/7176","targetHints":{"allow":["GET"]}}],"collection":[{"href":"https:\/\/locationdesducs.fr\/index.php?rest_route=\/wp\/v2\/product"}],"about":[{"href":"https:\/\/locationdesducs.fr\/index.php?rest_route=\/wp\/v2\/types\/product"}],"wp:featuredmedia":[{"embeddable":true,"href":"https:\/\/locationdesducs.fr\/index.php?rest_route=\/wp\/v2\/media\/7177"}],"wp:attachment":[{"href":"https:\/\/locationdesducs.fr\/index.php?rest_route=%2Fwp%2Fv2%2Fmedia&parent=7176"}],"wp:term":[{"taxonomy":"product_brand","embeddable":true,"href":"https:\/\/locationdesducs.fr\/index.php?rest_route=%2Fwp%2Fv2%2Fproduct_brand&post=7176"},{"taxonomy":"product_cat","embeddable":true,"href":"https:\/\/locationdesducs.fr\/index.php?rest_route=%2Fwp%2Fv2%2Fproduct_cat&post=7176"},{"taxonomy":"product_tag","embeddable":true,"href":"https:\/\/locationdesducs.fr\/index.php?rest_route=%2Fwp%2Fv2%2Fproduct_tag&post=7176"}],"curies":[{"name":"wp","href":"https:\/\/api.w.org\/{rel}","templated":true}]}}