{"id":7148,"date":"2024-07-12T12:38:35","date_gmt":"2024-07-12T10:38:35","guid":{"rendered":"https:\/\/locationdesducs.fr\/?post_type=product&#038;p=7148"},"modified":"2026-02-19T14:12:21","modified_gmt":"2026-02-19T13:12:21","slug":"chaise-metalix-noir","status":"publish","type":"product","link":"https:\/\/locationdesducs.fr\/?product=chaise-metalix-noir","title":{"rendered":"Chaise M\u00e9talix Noir"},"content":{"rendered":"<p><strong>Location des Ducs<\/strong> vous propose \u00e0 la location des\u00a0<strong>chaises m\u00e9talix noires<\/strong>,<\/p>\n<p>Parfaite pour ajouter une touche <strong>industrielle chic<\/strong> \u00e0 vos <strong>\u00e9v\u00e9nements<\/strong>, <strong>r\u00e9ceptions<\/strong> et <strong>espaces de restauration<\/strong>. Cette <strong>chaise embl\u00e9matique<\/strong>, reconnue pour son design robuste et son style intemporel, est fabriqu\u00e9e en <strong>acier de haute qualit\u00e9<\/strong> avec une finition noire \u00e9l\u00e9gante.<\/p>\n<p>Elle est non seulement <strong>esth\u00e9tique<\/strong>, mais aussi <strong>fonctionnelle<\/strong> et <strong>confortable<\/strong>, id\u00e9ale pour cr\u00e9er une ambiance moderne et sophistiqu\u00e9e.<\/p>\n","protected":false},"excerpt":{"rendered":"<p>Location des Ducs vous propose \u00e0 la location des\u00a0chaises m\u00e9talix noires, Parfaite pour ajouter une touche industrielle chic \u00e0 vos &hellip; <a href=\"https:\/\/locationdesducs.fr\/?product=chaise-metalix-noir\" class=\"more-link\"><span class=\"more-button\">Voir plus &#8230;<span class=\"screen-reader-text\">Chaise M\u00e9talix Noir<\/span><\/span><\/a><\/p>\n","protected":false},"featured_media":8777,"template":"","meta":[],"product_brand":[],"product_cat":[52,55,86,87,74],"product_tag":[80,81,75,79,77,76,78],"class_list":{"0":"post-7148","1":"product","2":"type-product","3":"status-publish","4":"has-post-thumbnail","6":"product_cat-assises","7":"product_cat-chaises","8":"product_cat-pack-evenements-professionnels","9":"product_cat-pack-mariage","10":"product_cat-popular","11":"product_tag-anniversaire","12":"product_tag-cocktail","13":"product_tag-location","14":"product_tag-mariage","15":"product_tag-reunion","16":"product_tag-salon-exposition","17":"product_tag-seminaire","19":"first","20":"instock","21":"taxable","22":"shipping-taxable","23":"purchasable","24":"product-type-simple"},"jetpack_sharing_enabled":true,"_links":{"self":[{"href":"https:\/\/locationdesducs.fr\/index.php?rest_route=\/wp\/v2\/product\/7148","targetHints":{"allow":["GET"]}}],"collection":[{"href":"https:\/\/locationdesducs.fr\/index.php?rest_route=\/wp\/v2\/product"}],"about":[{"href":"https:\/\/locationdesducs.fr\/index.php?rest_route=\/wp\/v2\/types\/product"}],"wp:featuredmedia":[{"embeddable":true,"href":"https:\/\/locationdesducs.fr\/index.php?rest_route=\/wp\/v2\/media\/8777"}],"wp:attachment":[{"href":"https:\/\/locationdesducs.fr\/index.php?rest_route=%2Fwp%2Fv2%2Fmedia&parent=7148"}],"wp:term":[{"taxonomy":"product_brand","embeddable":true,"href":"https:\/\/locationdesducs.fr\/index.php?rest_route=%2Fwp%2Fv2%2Fproduct_brand&post=7148"},{"taxonomy":"product_cat","embeddable":true,"href":"https:\/\/locationdesducs.fr\/index.php?rest_route=%2Fwp%2Fv2%2Fproduct_cat&post=7148"},{"taxonomy":"product_tag","embeddable":true,"href":"https:\/\/locationdesducs.fr\/index.php?rest_route=%2Fwp%2Fv2%2Fproduct_tag&post=7148"}],"curies":[{"name":"wp","href":"https:\/\/api.w.org\/{rel}","templated":true}]}}